{"id":15,"date":"2019-10-07T14:07:45","date_gmt":"2019-10-07T14:07:45","guid":{"rendered":"https:\/\/metalli60com.test.cchosting.fi\/?page_id=15"},"modified":"2026-04-20T17:10:32","modified_gmt":"2026-04-20T17:10:32","slug":"tapahtumat","status":"publish","type":"page","link":"https:\/\/metalli60com.test.cchosting.fi\/?page_id=15","title":{"rendered":"Tapahtumat"},"content":{"rendered":"<h3>Tapahtumat<\/h3>\n<p>Tapahtumat ja liput on tarkoitettu ty\u00f6markkinoidenk\u00e4ytett\u00e4viss\u00e4 oleville j\u00e4senille.<\/p>\n<p><img loading=\"lazy\" decoding=\"async\" class=\"alignnone size-medium wp-image-898\" src=\"https:\/\/metalli60.com\/wp-content\/uploads\/2026\/03\/201301041507144_imagen-300x218.gif\" alt=\"\" width=\"300\" height=\"218\" srcset=\"https:\/\/metalli60com.test.cchosting.fi\/wp-content\/uploads\/2026\/03\/201301041507144_imagen-300x218.gif 300w, https:\/\/metalli60com.test.cchosting.fi\/wp-content\/uploads\/2026\/03\/201301041507144_imagen-276x200.gif 276w\" sizes=\"auto, (max-width: 300px) 100vw, 300px\" \/><\/p>\n<h6>Sis\u00e4vesiristeily<\/h6>\n<p><span style=\"font-family: Times New Roman, serif;\"><span style=\"font-size: medium;\">Perinteinen sis\u00e4vesiristeily jatkuu Koski-laivojen, Koski laivalla joka liikenn\u00f6i Kuopion matkustaja satamasta. J\u00e4senemme on mahdollista hankkia kaksi lippua osastomme toimistolta Tulliportinkatu 26 A 39, p\u00e4ivystys aikaan perjantaisin klo,15.00-17.00. Omavastuu on 5\u20ac lippu, joka maksetaan k\u00e4teisell\u00e4 tai Mobilepaylla, lyhytnumerolla 22243. Mobilepaylla maksaessa viestikentt\u00e4\u00e4n pit\u00e4\u00e4 kirjoittaa, omanimi ja omavastuu sis\u00e4vesiristeily.<\/span><\/span><\/p>\n<p>&nbsp;<\/p>\n<p><img loading=\"lazy\" decoding=\"async\" class=\"alignnone size-medium wp-image-902\" src=\"https:\/\/metalli60.com\/wp-content\/uploads\/2026\/03\/Sarkanniemi-001-1201x800-1-300x200.jpg\" alt=\"\" width=\"300\" height=\"200\" srcset=\"https:\/\/metalli60com.test.cchosting.fi\/wp-content\/uploads\/2026\/03\/Sarkanniemi-001-1201x800-1-300x200.jpg 300w, https:\/\/metalli60com.test.cchosting.fi\/wp-content\/uploads\/2026\/03\/Sarkanniemi-001-1201x800-1-1024x682.jpg 1024w, https:\/\/metalli60com.test.cchosting.fi\/wp-content\/uploads\/2026\/03\/Sarkanniemi-001-1201x800-1-768x512.jpg 768w, https:\/\/metalli60com.test.cchosting.fi\/wp-content\/uploads\/2026\/03\/Sarkanniemi-001-1201x800-1-120x80.jpg 120w, https:\/\/metalli60com.test.cchosting.fi\/wp-content\/uploads\/2026\/03\/Sarkanniemi-001-1201x800-1.jpg 1201w\" sizes=\"auto, (max-width: 300px) 100vw, 300px\" \/><\/p>\n<h6>Perhep\u00e4iv\u00e4<\/h6>\n<p><span style=\"font-family: Times New Roman, serif;\"><span style=\"font-size: medium;\">Ammattiosastomme j\u00e4sen, h\u00e4nen kumppani ja perheeseen kuuluvaa, max kolme alaik\u00e4ist\u00e4 lasta on mahdollista l\u00e4hte\u00e4 k\u00e4ym\u00e4\u00e4n S\u00e4rk\u00e4nniemess\u00e4 lauantaina 6.6.2026. Matkaan kuuluu bussi kuljetus Kuopiosta, varaamme bussiin pient\u00e4 matka ev\u00e4st\u00e4, ranneke huvipuistoon ja ruokailu S\u00e4rk\u00e4nniemess\u00e4. L\u00e4ht\u00f6 on Kuopiosta klo 07.00 ja paluu 21.00. Reitti kulkee Kuopio, Suonenjoki, Jyv\u00e4skyl\u00e4. Matkan varrelta voi l\u00e4hte\u00e4 kyytiin kun ilmoittaa asiasta ilmoittautumisen yhteydess\u00e4. Omavastuu j\u00e4senelt\u00e4 20\u20ac, kumppanilta 40\u20ac lapsille ilmainen. Ilmoittautua voit osaston toimistolle Tulliportinkatu 26 A 39 tai soittamalla puh 044 2478228, p\u00e4ivystys aikaan, perjantaisin klo,15.00-17.00. Omavastuun voi maksaa toimistolla k\u00e4ydess\u00e4 k\u00e4teisell\u00e4 tai Mobilepaylla lyhytnumerolla 22243. Jos maksat Mobilepaylla ja varaat paikan soittamalla. Soita ensin toimistolle ja varmista ett\u00e4 paikkoja viel\u00e4 vapaana. Viestikentt\u00e4\u00e4n kirjoita oma nimi ja omavastuu S\u00e4rk\u00e4nniemi. Ilmoittautumisen yhteydess\u00e4 kerro millaisia rannekkeita tarvitset. Vaihto ehdoista, S\u00e4rk\u00e4nniemi-ranneke tai kohderanneke.<\/span><\/span><\/p>\n<p>L\u00e4ht\u00f6 Kuopiosta tapahtuu P\u00e4iv\u00e4rannan Citymarketin parkkipaikalta. Tapahtumaan ilmoittautuminen p\u00e4\u00e4ttyy 8.5.2026. Matkaan mahtuu noin 50henkil\u00f6\u00e4.<\/p>\n<h5>Perhep\u00e4iville varatut paikat ovat t\u00e4ynn\u00e4.<\/h5>\n<p><img loading=\"lazy\" decoding=\"async\" class=\"alignnone wp-image-901\" src=\"https:\/\/metalli60.com\/wp-content\/uploads\/2026\/03\/icon-300x300.webp\" alt=\"\" width=\"258\" height=\"258\" srcset=\"https:\/\/metalli60com.test.cchosting.fi\/wp-content\/uploads\/2026\/03\/icon-300x300.webp 300w, https:\/\/metalli60com.test.cchosting.fi\/wp-content\/uploads\/2026\/03\/icon-150x150.webp 150w, https:\/\/metalli60com.test.cchosting.fi\/wp-content\/uploads\/2026\/03\/icon-768x768.webp 768w, https:\/\/metalli60com.test.cchosting.fi\/wp-content\/uploads\/2026\/03\/icon-200x200.webp 200w, https:\/\/metalli60com.test.cchosting.fi\/wp-content\/uploads\/2026\/03\/icon.webp 972w\" sizes=\"auto, (max-width: 258px) 100vw, 258px\" \/><\/p>\n<h6>Viinijuhlat<\/h6>\n<p><span style=\"font-family: Times New Roman, serif;\"><span style=\"font-size: medium;\">Ammattiosastomme j\u00e4senen on mahdollista hankkia Kuopion viinijuhlille yksi lippu. Ilmoittautuminen joko osaston toimistolle Tulliportinkatu 26 A 39 tai soittamalla puh, 044 2478228 p\u00e4ivystys aikaan perjantaisin klo 15.00-17.00. Ilmoita mik\u00e4 p\u00e4iv\u00e4 haluat menn\u00e4 viinijuhlille. Varaamme sille p\u00e4iv\u00e4lle lipun portille j\u00e4senen nimell\u00e4. Omavastuu on 10\u20ac joka maksetaan toimistolle k\u00e4teisell\u00e4 tai Mobilepaylla, lyhytnumerolla 22243. Viestikentt\u00e4\u00e4n kirjoita oma nimi ja omavastuu Viinijuhlille. Maksun voi suorittaa kun on ensin soittanut tai k\u00e4ynyt toimistolla ja varmistanut ett\u00e4 lippuja viel\u00e4 on saatavilla.<\/span><\/span><\/p>\n<p><span style=\"font-family: Times New Roman, serif;\"><span style=\"font-size: xx-small;\"><b>Ilmoittautuminen p\u00e4\u00e4ttyy kauttamme pe 12.6.2026.<\/b><\/span><\/span><\/p>\n<p><img loading=\"lazy\" decoding=\"async\" class=\"alignnone size-medium wp-image-900\" src=\"https:\/\/metalli60.com\/wp-content\/uploads\/2026\/03\/623014611_18045004382709761_5619206612128223219_n-1-300x226.jpg\" alt=\"\" width=\"300\" height=\"226\" srcset=\"https:\/\/metalli60com.test.cchosting.fi\/wp-content\/uploads\/2026\/03\/623014611_18045004382709761_5619206612128223219_n-1-300x226.jpg 300w, https:\/\/metalli60com.test.cchosting.fi\/wp-content\/uploads\/2026\/03\/623014611_18045004382709761_5619206612128223219_n-1-1024x770.jpg 1024w, https:\/\/metalli60com.test.cchosting.fi\/wp-content\/uploads\/2026\/03\/623014611_18045004382709761_5619206612128223219_n-1-768x577.jpg 768w, https:\/\/metalli60com.test.cchosting.fi\/wp-content\/uploads\/2026\/03\/623014611_18045004382709761_5619206612128223219_n-1-266x200.jpg 266w, https:\/\/metalli60com.test.cchosting.fi\/wp-content\/uploads\/2026\/03\/623014611_18045004382709761_5619206612128223219_n-1-120x90.jpg 120w, https:\/\/metalli60com.test.cchosting.fi\/wp-content\/uploads\/2026\/03\/623014611_18045004382709761_5619206612128223219_n-1.jpg 1439w\" sizes=\"auto, (max-width: 300px) 100vw, 300px\" \/><\/p>\n<h6>Kuopiorock<\/h6>\n<p><span style=\"font-family: Times New Roman, serif;\"><span style=\"font-size: medium;\">Ammattiosastomme kautta j\u00e4senen on mahdollista hankkia yksi lippu Kuopiorockiin. Lippu on kahdelle p\u00e4iv\u00e4lle pe 24.7-la 25.7.2026 ajalle. Lipun voi noutaa osaston toimistolta Tulliportinkatu 26 A 39, p\u00e4ivystysaikaan perjantaisin klo, 15.00-17.00. Omavastuu on 50\u20ac joka maksetaan k\u00e4teisell\u00e4 tai Mobilepaylla, lyhytnumerolla, 22243. Mobilepaylla maksaessa pit\u00e4\u00e4 viestikentt\u00e4\u00e4n kirjoittaa. Omanimi ja omavastuu Kuopiorock.<\/span><\/span><\/p>\n<h5>ei en\u00e4\u00e4 saatavilla kauttamme lippuja kuopiorockiin!<\/h5>\n<p><img loading=\"lazy\" decoding=\"async\" class=\"alignnone size-full wp-image-903\" src=\"https:\/\/metalli60.com\/wp-content\/uploads\/2026\/03\/Kups.webp\" alt=\"\" width=\"213\" height=\"234\" srcset=\"https:\/\/metalli60com.test.cchosting.fi\/wp-content\/uploads\/2026\/03\/Kups.webp 213w, https:\/\/metalli60com.test.cchosting.fi\/wp-content\/uploads\/2026\/03\/Kups-182x200.webp 182w\" sizes=\"auto, (max-width: 213px) 100vw, 213px\" \/><\/p>\n<h6>Kups<\/h6>\n<p><span style=\"font-family: Times New Roman, serif;\"><span style=\"font-size: medium;\">J\u00e4senemme on mahdollista hankkia yksi lippu KuPsin kotipeliin osastomme toimistolta Tulliportinkatu 26 A 39, p\u00e4ivystys aikaan perjantaisin klo,15.00-17.00. Omavastuu on 5\u20ac , joka maksetaan k\u00e4teisell\u00e4 tai Mobilepaylla, lyhytnumerolla 22243. Mobilepaylla maksaessa viestikentt\u00e4\u00e4n pit\u00e4\u00e4 kirjoittaa, omanimi ja omavastuu KuPs.<\/span><\/span><\/p>\n<p><img loading=\"lazy\" decoding=\"async\" class=\"alignnone size-full wp-image-904\" src=\"https:\/\/metalli60.com\/wp-content\/uploads\/2026\/03\/vauhti-kiihtyy-festivaali-kuopio-tickets_495952_3931400_156x198.jpg\" alt=\"\" width=\"156\" height=\"198\" \/><\/p>\n<h6>Vauhti Kiihtyy festivaali<\/h6>\n<p><span style=\"font-family: Times New Roman, serif;\"><span style=\"font-size: medium;\">Ammattiosastomme kautta j\u00e4senen on mahdollista hankkia yksi lippu Vauhti kiihtyy Festivaali tapahtumaan. Lippu on kahdelle p\u00e4iv\u00e4lle pe 14.7-la 15.8.2026 ajalle. Lipun voi noutaa osaston toimistolta Tulliportinkatu 26 A 39, p\u00e4ivystysaikaan perjantaisin klo, 15.00-17.00. Omavastuu on 10\u20ac joka maksetaan k\u00e4teisell\u00e4 tai Mobilepaylla, lyhytnumerolla, 22243. Mobilepaylla maksaessa pit\u00e4\u00e4 viestikentt\u00e4\u00e4n kirjoittaa. Omanimi ja omavastuu Vauhti kiihtyy.<\/span><\/span><\/p>\n<h6>Lippuja ja paikkoja tapahtumiin on rajoitetusti, varmista saatavuus ennen kuin maksat tapahtumaa tai lippua!<\/h6>\n<p>&nbsp;<\/p>\n<p>&nbsp;<\/p>\n<h6><\/h6>\n","protected":false},"excerpt":{"rendered":"<p>Tapahtumat Tapahtumat ja liput on tarkoitettu ty\u00f6markkinoidenk\u00e4ytett\u00e4viss\u00e4 oleville j\u00e4senille. Sis\u00e4vesiristeily Perinteinen sis\u00e4vesiristeily jatkuu Koski-laivojen, Koski laivalla joka liikenn\u00f6i Kuopion matkustaja satamasta. J\u00e4senemme on mahdollista hankkia kaksi lippua osastomme toimistolta Tulliportinkatu 26 A 39, p\u00e4ivystys aikaan perjantaisin klo,15.00-17.00. Omavastuu on 5\u20ac lippu, joka maksetaan k\u00e4teisell\u00e4 tai Mobilepaylla, lyhytnumerolla 22243. Mobilepaylla maksaessa &hellip;<\/p>\n","protected":false},"author":1,"featured_media":19,"parent":0,"menu_order":0,"comment_status":"closed","ping_status":"closed","template":"","meta":{"footnotes":""},"class_list":["post-15","page","type-page","status-publish","has-post-thumbnail","hentry"],"_links":{"self":[{"href":"https:\/\/metalli60com.test.cchosting.fi\/index.php?rest_route=\/wp\/v2\/pages\/15","targetHints":{"allow":["GET"]}}],"collection":[{"href":"https:\/\/metalli60com.test.cchosting.fi\/index.php?rest_route=\/wp\/v2\/pages"}],"about":[{"href":"https:\/\/metalli60com.test.cchosting.fi\/index.php?rest_route=\/wp\/v2\/types\/page"}],"author":[{"embeddable":true,"href":"https:\/\/metalli60com.test.cchosting.fi\/index.php?rest_route=\/wp\/v2\/users\/1"}],"replies":[{"embeddable":true,"href":"https:\/\/metalli60com.test.cchosting.fi\/index.php?rest_route=%2Fwp%2Fv2%2Fcomments&post=15"}],"version-history":[{"count":101,"href":"https:\/\/metalli60com.test.cchosting.fi\/index.php?rest_route=\/wp\/v2\/pages\/15\/revisions"}],"predecessor-version":[{"id":918,"href":"https:\/\/metalli60com.test.cchosting.fi\/index.php?rest_route=\/wp\/v2\/pages\/15\/revisions\/918"}],"wp:featuredmedia":[{"embeddable":true,"href":"https:\/\/metalli60com.test.cchosting.fi\/index.php?rest_route=\/wp\/v2\/media\/19"}],"wp:attachment":[{"href":"https:\/\/metalli60com.test.cchosting.fi\/index.php?rest_route=%2Fwp%2Fv2%2Fmedia&parent=15"}],"curies":[{"name":"wp","href":"https:\/\/api.w.org\/{rel}","templated":true}]}}